
-112401 (base 6) to base 10
-9649
Convert 11221 (base 6) to base 14.
821
What is 741f (base 16) in base 12?
15253
-323220 (base 5) to base 10
-11060
What is 646 (base 7) in base 4?
11020
264c (base 13) to base 14
1dcc
4af (base 16) to base 15
54e
4e (base 16) to base 3
2220
341 (base 9) to base 8
430
Convert -10011 (base 4) to base 9.
-320
104513 (base 7) to base 16
4802
What is -7700 (base 9) in base 16?
-1626
-4022 (base 5) to base 10
-512
11110000100 (base 3) to base 8
252701
5944 (base 10) to base 16
1738
a594 (base 13) to base 10
22936
What is 1602 (base 8) in base 15?
3ed
Convert -12564 (base 7) to base 13.
-16cb
Convert -aaf (base 16) to base 7.
-10655
Convert -212410 (base 5) to base 9.
-10823
What is 20847 (base 9) in base 4?
3113311
Convert -6801 (base 11) to base 15.
-29c0
Convert 1020 (base 6) to base 3.
22110
What is -110101101100 (base 2) in base 12?
-1ba4
Convert 1445 (base 6) to base 15.
1ae
-19e (base 16) to base 12
-2a6
What is 1723 (base 8) in base 7?
2566
2945 (base 11) to base 15
11d5
What is -24424 (base 5) in base 12?
-10b4
What is eb1 (base 16) in base 4?
322301
What is 111410 (base 5) in base 11?
2a99
What is 19bb4 (base 12) in base 14?
dbcc
What is 462 (base 14) in base 7?
2352
Convert -2121120010 (base 3) to base 14.
-14a62
1100000 (base 2) to base 10
96
Convert -511112 (base 7) to base 15.
-1aae2
-2f6 (base 16) to base 11
-62a
What is 4258 (base 9) in base 3?
11021222
Convert -100101 (base 2) to base 10.
-37
What is -12503 (base 6) in base 8?
-3567
Convert 2547 (base 9) to base 6.
12454
Convert 100011001 (base 3) to base 11.
5014
-52052 (base 7) to base 10
-12728
What is 204 (base 14) in base 3?
112200
3001 (base 4) to base 6
521
What is -223 (base 11) in base 12?
-1a3
Convert -471 (base 15) to base 8.
-1756
What is 1f2 (base 16) in base 3?
200110
What is 3377 (base 8) in base 2?
11011111111
Convert 110110111010 (base 2) to base 10.
3514
What is -621 (base 12) in base 4?
-31321
What is 2d7 (base 14) in base 8?
1105
Convert -1220241 (base 5) to base 9.
-34733
323a (base 13) to base 5
210403
What is -203444 (base 8) in base 3?
-10102101222
12012 (base 3) to base 10
140
Convert -b72 (base 14) to base 9.
-3076
What is 14607 (base 13) in base 2?
1001010111100010
What is -1100000110111011 (base 2) in base 11?
-34297
What is 3404232 (base 5) in base 7?
336521
-3b3 (base 12) to base 10
-567
What is c102 (base 13) in base 3?
1100101210
-3cf (base 16) to base 13
-5a0
Convert 1130 (base 6) to base 12.
1a6
What is 823 (base 9) in base 5?
10134
Convert -21260 (base 9) to base 10.
-14067
Convert -231 (base 14) to base 12.
-303
Convert 20122122 (base 3) to base 5.
123400
-3124a (base 13) to base 2
-10101100011011000
Convert -5610 (base 8) to base 5.
-43302
What is -10614 (base 7) in base 4?
-222102
What is 3555 (base 6) in base 2?
1101011111
Convert -431231 (base 5) to base 12.
-851a
2220 (base 8) to base 7
3256
-12254 (base 8) to base 6
-40300
-43798 (base 10) to base 2
-1010101100010110
Convert 51555 (base 8) to base 12.
10439
-305114 (base 7) to base 4
-30233210
Convert -4153 (base 10) to base 15.
-136d
What is 21624 (base 7) in base 2?
1010101010001
3221 (base 13) to base 9
10478
What is 1011 (base 4) in base 13?
54
What is -312542 (base 6) in base 15?
-7742
What is -2786 (base 11) in base 3?
-11221110
3031 (base 9) to base 2
100010100111
-10101001110 (base 2) to base 15
-608
Convert -122001 (base 3) to base 9.
-561
What is 1002 (base 6) in base 3?
22002
Convert f24 (base 16) to base 12.
22b0
What is -85 (base 16) in base 10?
-133
Convert dd36 (base 14) to base 11.
2682a
Convert 4a8 (base 12) to base 8.
1300
-8847 (base 12) to base 8
-35267
Convert 3328 (base 10) to base 3.
11120021
-136d3 (base 14) to base 3
-2102212010
3142223 (base 5) to base 13
1b067
Convert 211112102 (base 3) to base 5.
1011202
What is -8d (base 15) in base 6?
-341
Convert 10111021220 (base 3) to base 2.
10000110010000011
-40552 (base 8) to base 10
-16746
What is -356 (base 7) in base 9?
-228
-2225 (base 15) to base 13
-33a7
Convert -400242 (base 5) to base 14.
-4820
What is 207 (base 15) in base 7?
1222
What is 200111 (base 3) in base 14?
279
What is -10555 (base 10) in base 8?
-24473
11111220 (base 4) to base 7
120513
-172 (base 11) to base 7
-404
Convert -100102 (base 4) to base 12.
-72a
-1110110 (base 2) to base 15
-7d
8956 (base 11) to base 9
17158
What is 465 (base 11) in base 12?
3a3
What is 720 (base 14) in base 15?
635
-1003033 (base 4) to base 2
-1000011001111
What is -464 (base 10) in base 16?
-1d0
Convert 392 (base 11) to base 9.
565
What is -52 (base 14) in base 2?
-1001000
What is -63e0 (base 15) in base 6?
-241503
Convert -25006 (base 8) to base 15.
-32c3
What is -34223 (base 5) in base 11?
-1917
Convert -a22 (base 15) to base 5.
-33112
-1815 (base 10) to base 3
-2111020
Convert 3014 (base 5) to base 15.
1a9
Convert 11415 (base 6) to base 16.
683
323f (base 16) to base 6
135315
Convert 10758 (base 9) to base 6.
53125
What is -215024 (base 7) in base 15?
-b2b8
1176 (base 12) to base 15
8ac
What is 408b (base 14) in base 16?
2b5b
Convert -1713 (base 11) to base 5.
-32232
What is 442 (base 6) in base 3?
20022
Convert -11001111111 (base 2) to base 13.
-9ac
What is -11112 (base 12) in base 7?
-122645
What is 1000012 (base 3) in base 2?
1011011110
Convert 11100110000101 (base 2) to base 9.
22171
What is 42014 (base 5) in base 11?
2089
What is 110001101001100 (base 2) in base 6?
313404
1907a (base 12) to base 9
54814
888 (base 10) to base 16
378
110001011000010 (base 2) to base 6
313014
Convert -14439 (base 12) to base 9.
-42700
Convert 10000110110011 (base 2) to base 5.
234002
What is 63817 (base 9) in base 5?
2322332
Convert 10010111010010010 (base 2) to base 4.
102322102
What is -e477 (base 15) in base 16?
-bc86
Convert -23333 (base 4) to base 5.
-11032
-5a (base 15) to base 16
-55
What is 110102221 (base 3) in base 9?
13387
What is 792 (base 13) in base 12?
906
What is 410 (base 13) in base 4?
22301
Convert 24b (base 12) to base 9.
425
-ca0 (base 15) to base 7
-11211
What is -1031013 (base 5) in base 2?
-100010011100001
-10248 (base 16) to base 14
-1a14c
10eb (base 15) to base 13
1838
What is 2f3 (base 16) in base 14?
3bd
Convert -11757 (base 11) to base 2.
-100000111110001
What is 1001110010 (base 2) in base 16?
272
-524141 (base 6) to base 16
-a59d
What is -1101001010000 (base 2) in base 13?
-30b2
-3714 (base 8) to base 12
-11a4
Convert -2001 (base 5) to base 7.
-506
What is 224 (base 11) in base 5?
2033
Convert -1000101110001101 (base 2) to base 12.
-18811
What is -131 (base 12) in base 16?
-b5
What is 628 (base 12) in base 10?
896
Convert -32031 (base 4) to base 2.
-1110001101
-1a36 (base 14) to base 3
-20112000
Convert 11000000010100 (base 2) to base 11.
927a
What is 131001 (base 6) in base 3?
121022001
What is -1284 (base 10) in base 16?
-504
What is -25016 (base 7) in base 8?
-14602
14304 (base 6) to base 8
4340
Convert -20403 (base 5) to base 6.
-10133
What is -202201 (base 3) in base 11?
-469
663 (base 11) to base 2
1100011011
-22b (base 15) to base 4
-13223
Convert -54583 (base 9) to base 4.
-20311221
Convert a28 (base 14) to base 2.
11111001100
What is -33537 (base 9) in base 10?
-22309
What is 26b (base 16) in base 14?
323
-10101021 (base 3) to base 7
-10120
-32222 (base 4) to base 13
-572
Convert -6e1 (base 16) to base 5.
-24021
What is -17b6 (base 12) in base 7?
-11244
Convert -111000101001 (base 2) to base 4.
-320221
-374 (base 9) to base 4
-10312
-1506 (base 14) to base 2
-111010010010
-196 (base 15) to base 2
-101101110
-110111101 (base 2) to base 9
-544
-307 (base 12) to base 5
-3224
-3040 (base 8) to base 15
-6e8
111776 (base 8) to base 11
26512
-122 (base 12) to base 6
-442
What is 1277 (base 12) in base 3?
2220001
-86b2 (base 16) to base 14
-c7d0
What is -21733 (base 8) in base 11?
-6995
Convert -259 (base 16) to base 11.
-4a7
Convert 21354 (base 11) to base 3.
1120120110
-1031033 (base 4) to base 7
-20261
Convert 4375 (base 11) to base 4.
1122021
Convert 12d9 (base 14) to base 10.
3327
What is -14532 (base 14) in base 11?
-34973
What is 2311220 (base 4) in base 8?
26550
Convert -13122323 (base 4) to base 15.
-9015
-39 (base 11) to base 8
-52
Convert -286 (base 13) to base 14.
-240
What is 492 (base 13) in base 8?
14